{"id":143,"date":"2023-02-21T21:25:39","date_gmt":"2023-02-21T21:25:39","guid":{"rendered":"https:\/\/forberedt.no\/butikk\/?post_type=product&#038;p=143"},"modified":"2023-02-23T17:34:53","modified_gmt":"2023-02-23T17:34:53","slug":"foxfury-nomad-prime","status":"publish","type":"product","link":"https:\/\/forberedt.no\/butikk\/produkt\/foxfury-nomad-prime\/","title":{"rendered":"FoxFury Nomad\u00ae Prime"},"content":{"rendered":"<p><strong>Beskrivelse<\/strong><br \/>\nLys opp en scene p\u00e5 sekunder med det batteridrevne FoxFury Nomad\u00ae Prime Portable Scene Light. Med innebygde stativben, strekker Prime seg opp til 2,4 m h\u00f8y for \u00e5 levere opptil 5600 lumen. Denne tr\u00e5dl\u00f8se, oppladbare LED-lampen kan fungere som en spotlight eller flomlys (ved \u00e5 legge til eller fjerne diffusorlinsen) med en driftstid p\u00e5 opptil 24 timer. Dette er v\u00e5rt mest taktiske, klar til bruk stativlys som kan skryte av den beste spotlight-evnen. Den er ideell for situasjoner der b\u00e6rbarhet, kraft og arbeid med h\u00e5ndfri er n\u00f8kkelen. Dette inkluderer s\u00f8k og redning, feltvedlikehold, n\u00f8dsituasjoner (som blackouts og EMS) og katastroferespons.<\/p>\n<p>FoxFury Nomad\u00ae Prime er et selvstendig, b\u00e6rbart scenelys. Den er kompakt, enkel \u00e5 transportere og trenger ingen ledninger eller generatorer. Dette gj\u00f8r det enkelt \u00e5 flytte og tillatt \u00e5 bruke innend\u00f8rs, utend\u00f8rs eller til og med nedsenket under vann. Drevet av et internt oppladbart Li-ion-batterisystem gir Prime mellom 3-24 timers driftstid. Hvis du har den medf\u00f8lgende AC\/DC-adapteren koblet til, gir Prime kontinuerlig lys 4 moduser, inkludert en lav, middels, h\u00f8y og blinkende innstilling som lar brukeren justere lysintensiteten og funksjonen i henhold til situasjonen.<\/p>\n<p>Nomad\u00ae Prime kan festes rundt skulderen (som en bazooka) for \u00e5 komme til \u00f8nsket sted. Den settes opp p\u00e5 sekunder ved \u00e5 bruke de innebygde stativbena, heve teleskopstangen og justere lyshodet. Dette lyset strekker seg h\u00f8yt nok til \u00e5 t\u00f8mme folks hoder, noe som minimerer skygger og utilsiktet blending. Dette holdbare lyset fungerer i all slags v\u00e6r og er vanntett, slagfast og oppfyller til og med NFPAs brannbestandige krav. Med en vekt p\u00e5 8,3 kg er den lett nok til \u00e5 b\u00e6res av de fleste og kompakt nok til \u00e5 oppbevare flere modeller i sm\u00e5 skap eller bagasjerom p\u00e5 kj\u00f8ret\u00f8y. Prime brukes av f\u00f8rstehjelpere, rettsh\u00e5ndhevelse (inkludert SWAT og etterforskning), milit\u00e6re, industrielle fagfolk, fotografer, videografer og mer over hele verden.<\/p>\n<p><strong>Kombinasjonsomr\u00e5de Lys og Spotlight<\/strong><br \/>\nBelysningsbehovene dine kan endres p\u00e5 et \u00f8yeblikk eller fra sak til sak. Som omr\u00e5depunktlys gir dette lyset to typer lys i ett.<br \/>\nOmr\u00e5delys: fest diffusor for 120\u00b0 flomlys<br \/>\nSpotlight: Ta av diffuserlinsen for 8\u00b0 fokusert lys<\/p>\n<p><strong>Robust<\/strong><br \/>\nDette robuste lyset er t\u00f8ft nok for enhver jobb. Dens nylonkropp t\u00e5ler st\u00f8t og varmen fra en brannscene.<\/p>\n<p><strong>Allv\u00e6r og vanntett<\/strong><br \/>\nDette fullt nedsenkbare belysningsverkt\u00f8yet kan brukes under vann (opptil 10 fot). Dens allv\u00e6rsdesign kan trives i sommerens \u00f8rkenvarme, kraftig regn, kulden fra en sn\u00f8storm &#8230; og alt i mellom.<\/p>\n<p><strong>Opptil 24 timers batterilevetid<\/strong><br \/>\nNoen hendelser er over i l\u00f8pet av noen timer og krever s\u00e5 mye belysning som mulig (bilfrigj\u00f8ring, EMS, etc.). Nomad gir 3 sammenhengende timer med lys i h\u00f8ymodus. Andre arrangementer er langt mer involvert. Lavmodusen gir 24 timers kontinuerlig lys for lengre arbeidsperiode (str\u00f8mbrudd, store hendelser p\u00e5 landsbygda, etc.)<\/p>\n<p><strong>Overhead stativlys<\/strong><br \/>\nMange b\u00e6rbare omr\u00e5delys strekker seg bare til 1,8 m h\u00f8ye, som er n\u00e6r \u00f8yeh\u00f8yde og potensielt blendende. Prime strekker seg opp til 8 fot (2,4 m) h\u00f8y for \u00e5 gi takbelysning som ikke blender brukeren.<\/p>\n<p><strong>Solodrift og 20 sekunders distribusjon<\/strong><br \/>\nNomad oppbevares som et kompakt r\u00f8r som veier 18 lbs (8,2 kg). En skulderstropp er inkludert for enkel transport. Lyset er designet slik at en person kan utl\u00f8se det p\u00e5 20 sekunder.<\/p>\n<p><strong>Batteriniv\u00e5indikator<\/strong><br \/>\nP\u00e5 en scene vil du holde styr p\u00e5 hvor mye lys du har igjen. Hver Nomad er utstyrt med en batteriniv\u00e5indikator, som endrer farge fra gr\u00f8nt til oransje til r\u00f8dt n\u00e5r batteriet t\u00f8mmes.<\/p>\n<ul>\n<li>Gr\u00f8nn indikator: 70-100 % batterilading igjen<\/li>\n<li>Oransje indikator: 30-70 % batterilading igjen<\/li>\n<li>R\u00f8d indikator: under 30 % batterilading igjen<\/li>\n<\/ul>\n<p><strong>Bazooka lysalternativ<\/strong><br \/>\nDen b\u00e6rbare Prime kan brukes som en skulderb\u00e5ret bazooka-lampe som lyser opp veien din slik at du kan komme dit du skal. Str\u00e5len er i stand til \u00e5 lyse over 1 mil (1,6 km) foran. N\u00e5r du har n\u00e5dd m\u00e5let ditt, kan du bruke det som et stativlys.<\/p>\n<p><strong>Enkel \u00e5 rengj\u00f8re<\/strong><br \/>\n\u00c5 lete etter bevis kan v\u00e6re en rotete jobb, og du kan risikere forurensning eller krysskontaminering hvis du ikke er forsiktig. Nomad er fullstendig vanntett og kan enkelt rengj\u00f8res og desinfiseres etter hver bruk.<\/p>\n<p><strong>Ankerstropp for milj\u00f8er med h\u00f8y vind<\/strong><br \/>\nI sterk vind kan det v\u00e6re lurt \u00e5 tynge lyset ned som et sikkerhetstiltak. En D-ring i bunnen av enheten gj\u00f8r det mulig \u00e5 feste en sandsekk for dette form\u00e5let.<\/p>\n","protected":false},"excerpt":{"rendered":"<p>FoxFury Nomad\u00ae Prime er et selvstendig, b\u00e6rbart scenelys. Den er kompakt, enkel \u00e5 transportere og trenger ingen ledninger eller generatorer. Dette gj\u00f8r det enkelt \u00e5 flytte og tillatt \u00e5 bruke innend\u00f8rs, utend\u00f8rs eller til og med nedsenket under vann. Drevet av et internt oppladbart Li-ion-batterisystem gir Prime mellom 3-24 timers driftstid. Hvis du har den medf\u00f8lgende AC\/DC-adapteren koblet til, gir Prime kontinuerlig lys 4 moduser, inkludert en lav, middels, h\u00f8y og blinkende innstilling som lar brukeren justere lysintensiteten og funksjonen i henhold til situasjonen.<\/p>\n","protected":false},"featured_media":146,"comment_status":"open","ping_status":"closed","template":"","meta":[],"product_brand":[],"product_cat":[32,29],"product_tag":[],"class_list":{"0":"post-143","1":"product","2":"type-product","3":"status-publish","4":"has-post-thumbnail","6":"product_cat-foxfury","7":"product_cat-lys-lykte","9":"first","10":"instock","11":"featured","12":"taxable","13":"shipping-taxable","14":"product-type-simple"},"_links":{"self":[{"href":"https:\/\/forberedt.no\/butikk\/wp-json\/wp\/v2\/product\/143","targetHints":{"allow":["GET"]}}],"collection":[{"href":"https:\/\/forberedt.no\/butikk\/wp-json\/wp\/v2\/product"}],"about":[{"href":"https:\/\/forberedt.no\/butikk\/wp-json\/wp\/v2\/types\/product"}],"replies":[{"embeddable":true,"href":"https:\/\/forberedt.no\/butikk\/wp-json\/wp\/v2\/comments?post=143"}],"wp:featuredmedia":[{"embeddable":true,"href":"https:\/\/forberedt.no\/butikk\/wp-json\/wp\/v2\/media\/146"}],"wp:attachment":[{"href":"https:\/\/forberedt.no\/butikk\/wp-json\/wp\/v2\/media?parent=143"}],"wp:term":[{"taxonomy":"product_brand","embeddable":true,"href":"https:\/\/forberedt.no\/butikk\/wp-json\/wp\/v2\/product_brand?post=143"},{"taxonomy":"product_cat","embeddable":true,"href":"https:\/\/forberedt.no\/butikk\/wp-json\/wp\/v2\/product_cat?post=143"},{"taxonomy":"product_tag","embeddable":true,"href":"https:\/\/forberedt.no\/butikk\/wp-json\/wp\/v2\/product_tag?post=143"}],"curies":[{"name":"wp","href":"https:\/\/api.w.org\/{rel}","templated":true}]}}