{"id":106,"date":"2022-07-26T17:29:09","date_gmt":"2022-07-26T17:29:09","guid":{"rendered":"https:\/\/forberedt.no\/butikk\/?post_type=product&#038;p=106"},"modified":"2025-09-11T10:06:20","modified_gmt":"2025-09-11T08:06:20","slug":"zoll-aed-3-hjertestarter","status":"publish","type":"product","link":"https:\/\/forberedt.no\/butikk\/produkt\/zoll-aed-3-hjertestarter\/","title":{"rendered":"ZOLL AED 3 hjertestarter"},"content":{"rendered":"<p><iframe loading=\"lazy\" title=\"ZOLL AED 3 - Promo Video \u2014 English (Global)\" width=\"525\" height=\"295\" src=\"https:\/\/www.youtube.com\/embed\/ZjeWMaCggqo?feature=oembed\" frameborder=\"0\" allow=\"accelerometer; autoplay; clipboard-write; encrypted-media; gyroscope; picture-in-picture; web-share\" referrerpolicy=\"strict-origin-when-cross-origin\" allowfullscreen><\/iframe><\/p>\n<p>ZOLL AED 3\u2122 defibrillatoren gir enda bedre st\u00f8tte for f\u00f8rstehjelpspersonell.<\/p>\n<p>AED 3 er enkel \u00e5 bruke, enkel \u00e5 vedlikeholde og enkel \u00e5 eie. Den innebygde Real CPR Help\u00ae gir f\u00f8rstehjelpspersonell uovertruffen st\u00f8tte slik at de kan utf\u00f8re HLR med selvtillit og oversikt.<\/p>\n<p>Enkel \u00e5 bruke<br \/>\nZOLL AED 3 har innebygget Real CPR Help-teknologi, som gir deg tilbakemelding og hjelper deg med \u00e5 utf\u00f8re HLR av h\u00f8y kvalitet.<br \/>\nEn sensor, integrert i den unike HLR Uni-padz, m\u00e5ler og rapporterer brystkompresjonene dine til AED 3, som hjelper deg \u00e5 gi kompresjoner med riktig frekvens og dybde via tale og en indikator p\u00e5 skjermen.<br \/>\nDu blir enkelt og presist guidet gjennom hele gjenopplivingen (voksen pasient) av grafiske bilder kombinert med tale- og tekstmeldinger som \u00abTrykk hardere\u00bb og \u00abGode kompresjoner\u00bb.<br \/>\nEn kompresjonsindikator p\u00e5 skjermen viser deg dybden av hver brystkompresjon i sanntid, mens en konstant metronom oppfordrer deg til \u00e5 utf\u00f8re kompresjoner med en hastighet p\u00e5 minst 100 per minutt. En HLR-nedtellingsklokke vises ogs\u00e5 p\u00e5 den store fargeskjermen, som viser gjenv\u00e6rende tid for innev\u00e6rende HLR-periode og antall p\u00e5f\u00f8lgende leveranser.<br \/>\nDette er viktig informasjon som redningstjenesten m\u00e5 vite n\u00e5r de ankommer.<br \/>\nOrienter hjertestarteren etter behov under HLR for optimal synlighet.<br \/>\nLegg den flatt som de fleste andre hjertestartere eller still den oppreist for \u00e5 f\u00e5 samme enkle avlesning som p\u00e5 de profesjonelle hjertestarterne.<\/p>\n<p>HLR Uni-padz<br \/>\nDe unike CPR Uni-padz er de eneste elektrodene p\u00e5 markedet som kan brukes til b\u00e5de barn og voksne. HLR Uni-padz registrerer og rapporterer f\u00f8rstehjelpers brystkompresjoner til AED 3\u2013<br \/>\nog har en holdbarhet p\u00e5 opptil 5 \u00e5r.<\/p>\n<p>Barnemodus<br \/>\nBytt ganske enkelt til barnemodus ved \u00e5 trykke p\u00e5 &laquo;barneknappen&raquo; foran p\u00e5 AED 3.<br \/>\nDet er ikke n\u00f8dvendig \u00e5 bytte elektrode siden den universelle HLR Uni-padz kan brukes til b\u00e5de barn og voksne.<br \/>\nZOLL AED 3 gir deg muligheten til \u00e5 gjenopplive et barn med bare et trykk p\u00e5 en knapp.<\/p>\n<p>Minimale pauser<br \/>\nRapid Shock tilbyr markedets raskeste analysetid og analyse under komprimering. AED 3 er hjertestarteren,<br \/>\nsom med sine 5 sekunder (med nytt batteri) gir den raskeste leveringen av st\u00f8tte etter stopp av HLR.<br \/>\nForskning har vist at \u00e5 minimere tiden fra siste kompresjon til sjokk kan forbedre sjansen for \u00e5 overleve.<\/p>\n<p>Enkel \u00e5 vedlikeholde<br \/>\nAED 3-defibrillatoren er enkel \u00e5 vedlikeholde p\u00e5 grunn av den innebygde Program Management Onboard,<br \/>\nsom regelmessig rapporterer gjeldende status til AED 3. Ingen flere manuelle vedlikeholdskontroller av defibrillatoren.<br \/>\nI stedet mottar du umiddelbart en e-post hvis AED 3 oppdager en feil.<\/p>\n<p>Pluss Trac og Program Management ombord via WiFi<br \/>\nProgram Management Onboard\u2122 skaper trygghet ved \u00e5 sikre at defibrillatoren alltid er klar til bruk.<br \/>\nRegistrer din AED 3 online i ZOLLs PlusTrac\u2122 AED Program Management System.<br \/>\nKoble deretter AED 3 til ditt lokale WiFi. Program Management Onboard vil regelmessig rapportere gjeldende status til AED 3 til PlusTrac etter hver selvtest.<br \/>\nHvis din AED 3 oppdager en feil eller ikke rapporterer status, vil PlusTrac varsle deg umiddelbart via e-post.<br \/>\nMed PlusTrac har du ogs\u00e5 mulighet til \u00e5 logge inn og se hjertestarterens n\u00e5v\u00e6rende status, inkludert utl\u00f8psdatoer for batteri og elektroder \u2013 samt overv\u00e5king av f\u00f8rstehjelpere i din organisasjons oppl\u00e6ring og planlegging av vanlige e-postrapporter.<br \/>\nEksklusivt for AED 3 er det ikke n\u00f8dvendig med ytterligere kj\u00f8p av maskinvare eller programvare \u2013 og det er ingen kostnader det f\u00f8rste \u00e5ret.<\/p>\n<p>Enkel \u00e5 eie<br \/>\nAED 3 er enkelt \u00e5 eie siden de ytterligere kostnadene er overraskende lave. B\u00e5de batteriet og den universelle HLR Uni-padz for AED 3 har en holdbarhet p\u00e5 5 \u00e5r, noe som gj\u00f8r det enklere og billigere over tid.<br \/>\nSiden CPR Uni-padz kan brukes til b\u00e5de barn og voksne, er det ikke n\u00f8dvendig med kj\u00f8p av spesialputer for gjenopplivning av barn.<\/p>\n<p>Det er 8 \u00e5rs garanti p\u00e5 hjertestarteren.<\/p>\n<p>Ingen andre elektroder for hjertestartere varer i fem \u00e5r.<br \/>\nIngen annen hjertestarter gj\u00f8r det mulig for f\u00f8rstehjelpspersonell \u00e5 gjenopplive et barn ved \u00e5 trykke p\u00e5 en knapp-<br \/>\nog bare bytte elektrodene og batteriet \u00e9n gang i l\u00f8pet av de f\u00f8rste 10 \u00e5rene.<\/p>\n","protected":false},"excerpt":{"rendered":"<p>ZOLL AED 3\u2122 defibrillatoren gir enda bedre st\u00f8tte for f\u00f8rstehjelpspersonell.<\/p>\n<p>AED 3 er enkel \u00e5 bruke, enkel \u00e5 vedlikeholde og enkel \u00e5 eie. Den innebygde Real CPR Help\u00ae gir f\u00f8rstehjelpspersonell uovertruffen st\u00f8tte slik at de kan utf\u00f8re HLR med selvtillit og oversikt.<\/p>\n<p>Enkel \u00e5 bruke<br \/>\nZOLL AED 3 har innebygget Real CPR Help-teknologi, som gir deg tilbakemelding og hjelper deg med \u00e5 utf\u00f8re HLR av h\u00f8y kvalitet. En sensor, integrert i den unike HLR Uni-padz, m\u00e5ler og rapporterer brystkompresjonene dine til AED 3, som hjelper deg \u00e5 gi kompresjoner med riktig frekvens og dybde via tale og en indikator p\u00e5 skjermen.<\/p>\n<p>Du blir enkelt og presist guidet gjennom hele gjenopplivingen (voksen pasient) av grafiske bilder kombinert med tale- og tekstmeldinger som \u00abTrykk hardere\u00bb og \u00abGode kompresjoner\u00bb. En kompresjonsindikator p\u00e5 skjermen viser deg dybden av hver brystkompresjon i sanntid, mens en konstant metronom oppfordrer deg til \u00e5 utf\u00f8re kompresjoner med en hastighet p\u00e5 minst 100 per minutt. minutt.<\/p>\n<p>En HLR-nedtellingsklokke vises ogs\u00e5 p\u00e5 den store fargeskjermen, som viser gjenv\u00e6rende tid for innev\u00e6rende HLR-periode og antall p\u00e5f\u00f8lgende leveranser. Dette er viktig informasjon som redningstjenesten m\u00e5 vite n\u00e5r de ankommer.<\/p>\n<p>Orienter hjertestarteren etter behov under HLR for optimal synlighet. Legg den flatt som de fleste andre hjertestartere eller still den oppreist for \u00e5 f\u00e5 samme enkle avlesning som p\u00e5 de profesjonelle hjertestarterne.<\/p>\n","protected":false},"featured_media":111,"comment_status":"open","ping_status":"closed","template":"","meta":[],"product_brand":[],"product_cat":[27],"product_tag":[],"class_list":{"0":"post-106","1":"product","2":"type-product","3":"status-publish","4":"has-post-thumbnail","6":"product_cat-forstehjelp","8":"first","9":"instock","10":"taxable","11":"shipping-taxable","12":"product-type-simple"},"_links":{"self":[{"href":"https:\/\/forberedt.no\/butikk\/wp-json\/wp\/v2\/product\/106","targetHints":{"allow":["GET"]}}],"collection":[{"href":"https:\/\/forberedt.no\/butikk\/wp-json\/wp\/v2\/product"}],"about":[{"href":"https:\/\/forberedt.no\/butikk\/wp-json\/wp\/v2\/types\/product"}],"replies":[{"embeddable":true,"href":"https:\/\/forberedt.no\/butikk\/wp-json\/wp\/v2\/comments?post=106"}],"wp:featuredmedia":[{"embeddable":true,"href":"https:\/\/forberedt.no\/butikk\/wp-json\/wp\/v2\/media\/111"}],"wp:attachment":[{"href":"https:\/\/forberedt.no\/butikk\/wp-json\/wp\/v2\/media?parent=106"}],"wp:term":[{"taxonomy":"product_brand","embeddable":true,"href":"https:\/\/forberedt.no\/butikk\/wp-json\/wp\/v2\/product_brand?post=106"},{"taxonomy":"product_cat","embeddable":true,"href":"https:\/\/forberedt.no\/butikk\/wp-json\/wp\/v2\/product_cat?post=106"},{"taxonomy":"product_tag","embeddable":true,"href":"https:\/\/forberedt.no\/butikk\/wp-json\/wp\/v2\/product_tag?post=106"}],"curies":[{"name":"wp","href":"https:\/\/api.w.org\/{rel}","templated":true}]}}